 + -102 + 44?
-42
What is the value of 100 + 42 + -24 + -24?
94
Evaluate (14 - 24 - -49) + 1 + -2 + -1.
37
What is the value of -1 - -2 - 48 - (-10 + -50 + 39 + 25)?
-51
Calculate -29 + 20 + -1 + -4.
-14
Calculate -197 + 222 - (1 - -35) - (-130 - (-3 - -5)).
121
Calculate 40 + 6 + -8 - (219 - 96).
-85
Calculate 38 + (-31 - -98) - 150.
-45
What is 39 + (10 - (-21 - -31 - 15))?
54
Evaluate 47 + (-2 - -27 - (-16 - -25) - (-33 + 41)).
55
What is (14 + -9 - -3) + (8 - (-10 - 22))?
48
What is -58 + (10 - (-39 - 56))?
47
Calculate -32 - -108 - (-4 - (10 - 25)).
65
Evaluate 43 + 0 + -1 + -472 + 494.
64
Calculate -39 + (-1 - -2 - (17 + 38 + -43)).
-50
Evaluate 9 + 9 + -21 + 8 + 1 + 93 - 13.
86
Evaluate -32 - (37 + -18) - -18.
-33
Calculate 46 + -60 + (57 - -9).
52
Evaluate (19 + -4 + 9 - 18) + (-50 - (5 - 2)).
-47
Evaluate -40 + 35 + (-1 - 8) + (-41 - -39).
-16
What is the value of 3 - -2 - (-116 + 100 - (1 + -3))?
19
2 + -2 + (-18 - 0) + 6
-12
Evaluate 39 + -34 - (34 - 96).
67
What is the value of 12 + (-1 + 0 + -194 + 189 - 65)?
-59
Evaluate 93 + 18 - (-22 - -237).
-104
Calculate 31 + 10 + 1 + -10 + (-10 - (18 + -25)).
29
Evaluate -11 - (26 + -47) - 53.
-43
Evaluate (-32 - (-20 + 11 + 12)) + 0.
-35
Evaluate -63 - ((-30 - -19) + -15).
-37
69 + -44 + 9 - 109
-75
Calculate -7 + (8 + -83 + 63 - (-6 - (-1 - 1))).
-15
What is -27 - -87 - (35 + -13 + 10)?
28
Calculate 2 + (83 - 32) + (3 + 4 - 1).
59
Evaluate 2 + 25 + 23 + (-62 - -37) + -1 + 13.
37
1 - -38 - ((17 - 12) + -2 + 4)
32
What is the value of (57 - (-32 - 34)) + -46 - (8 + 1 + -1)?
69
3 - (23 + -24 + (-42 - -35))
11
Calculate (-8 - -4) + (0 - (-12 - -1) - -91).
98
(5 - 12) + (14 + -1 - (-6 - -10))
2
Calculate 12 - (10 + 16) - (5 - 107).
88
What is the value of 58 + -60 + 18 + 100?
116
82 + (-23 - -58 - 61)
56
(-24 + 23 - 62) + 13
-50
What is the value of 0 + (17 - 25) + (-6 - (-4 - -3) - 22)?
-35
-2 - (-3 - (-1 - -3)) - 41 - (95 - 100)
-33
What is the value of (-3 - 0) + -20 + 31 - -1 - -16?
25
What is -40 + 5 + -2 + (-3 - -22) + -4?
-22
Calculate (0 - 16 - (-770 + 755)) + (0 - 62).
-63
-96 + (87 - (-72 - -33))
30
Evaluate (24 - 6) + -27 + 30 + 35.
56
What is (4 + -65 - (-47 - 67)) + (1 + -1 - 12)?
41
Calculate 20 - (6 + 5 - 2 - -2 - 4).
13
What is -136 - (-61 + (3 - -12))?
-90
1 + (-5 - 0) + (263 + -288 - (2 - -2))
-33
What is the value of (-2 - 42) + -152 + 248?
52
What is the value of (-432 - -384) + (107 - 0)?
59
What is -4 + -9 + 2 - (-83 + 83) - 7?
-18
Calculate -7 + (-5 - -5) - -16 - (-12 - -23).
-2
What is the value of (-3 - -23 - 3) + 0 + -11 + 1?
7
-464 + 426 - (3 + -43)
2
What is the value of (-63 - 10) + 41 + -2 + -36?
-70
-5 + (2 - -23) + -14 - (48 + 18 + -12)
-48
48 + -92 + 32 - (-9 - (-2 - -2))
-3
What is the value of -134 - (117 + 8 + -293)?
34
Evaluate 33 - (-15 + 65) - ((-3 - -7 - 11) + -3).
-7
What is 44 + -4 - 17 - 18 - 21?
-16
Calculate 29 - (-9 - (-23 + 41) - -4).
52
Evaluate 22 + 17 + -14 + 10 + 6 + -15.
26
Evaluate (295 - 233) + 0 + (4 - 9) + 0 + -2.
55
What is 164 - (7 - (97 + -162))?
92
Calculate -22 + 18 - 0 - (15 + (-2 - 5) + -82).
70
Calculate -17 + (96 - (9 + -4 + 11)) + 4.
67
45 - (-8 + -27) - 57
23
Evaluate -182 + (78 - 5) - -59.
-50
What is the value of -5 + -79 + 39 + (-6 - -39)?
-12
What is -38 - (-18 + 74 - 75)?
-19
Calculate 4 - (51 - 61 - (0 + -4)) - (-52 + 0).
62
What is the value of 34 + (6 - (91 - 21)) + 31?
1
What is -2 + -5 - (-4 + (14 + 22 - 19))?
-20
Calculate 40 - (18 + 6) - 14.
2
(21 - 167) + (59 - 16 - 28)
-131
Evaluate 364 + -324 - (165 - 26).
-99
-79 + -17 + 35 + 7 + -2
-56
Calculate -1 + -19 + -168 + 66 + 135 - -91.
104
-99 - (2 + -15 + -6 + 17 + 3 + -2)
-98
Evaluate 3 - (10 + 0 - (170 - 129)).
34
Calculate 21 + -14 + (1 - -10) + 24.
42
Calculate 11 - (52 - 4) - -54.
17
Evaluate 35 + (-15 - 16) + (-27 + 2 - (7 + -12)).
-16
What is the value of -6 - (25 + 49 - (61 + -14))?
-33
100 + 0 - (12 + -4 + (-13 - (-4 + 1)))
102
-13 - ((-1 - 1) + 12 - (-15 - -50 - -15))
27
What is 29 - (-9 + 7 - -20) - (3 - 2)?
10
Evaluate 4 - (3 - ((-21 - 0) + -3)) - (-582 - -576).
-17
What is 46 - (-46 + 36) - 57?
-1
Evaluate (-1 - -1 - 2) + (-59 - (49 - 98)).
-12
What is 6 + -81 + 114 + 16?
55
What is -8 + 9 + 32 + 0 + 1 + 8?
42
Evaluate (8 - (12 - (19 - 16))) + (-1 - -12) - -2.
12
What is the value of (-6 - -5) + -92 + (7 - 14) + 16?
-84
What is (0 - 63) + 1 - ((3 - 21 - -4) + 3)?
-51
Evaluate 6 + (50 - (10 - 6)) + (31 - (93 + -53)).
43
What is -48 + (-36 - -132) + -42?
6
(-22 - 5) + -132 + 160
1
What is the value of 47 - (11 - (-96 - -32))?
-28
What is (-383 - -364 - (-1 - -1)) + -52?
-71
What is 6 - (-1 + -6 - (251 + -228))?
36
What is (3 - (-23 + 7)) + (368 - 480)?
-93
What is the value of (-34 - (12 - (15 - 2))) + (13 - 2)?
-22
What is -11 + (-10 + 5 - (-3 - 48)) + -4 + 6?
37
What is 21 - (49 - 5) - -30?
7
What is the value of (4 + -22 - -2) + (24 - 6)?
2
What is the value of 117 - 209 - -115 - (93 + 2)?
-72
What is (11 - 19 - 4) + 9 + -5 + 9 + -58?
-57
What is -4 - -17 - ((-17 - (4 + -11)) + -16 + 7)?
32
What is 2 + -1 - -67 - (-910 - -962 - (41 - -1))?
58
What is the value of 35 + -17 + -12 + 25 + -13?
18
Evaluate 13 + 0 - (-91 - -54) - 8.
42
What is the value of 4 + (3 - (6 - 2)) + -10 + 85?
78
Calculate (-95 - (-162 + 57)) + -2 + -86.
-78
What is the value of 75 - (52 - -25 - -2)?
-4
Evaluate 404 + -389 - (0 + 2 + (17 - -42)).
-46
What is the value of -3 - (-35 + -29 - -19)?
42
1 + 0 + -1 + 194 + -201 - (61 - 60)
-8
Calculate (2 + -17 - -21) + -8 + -1 - 10 - 2.
-15
1 + 131 + -5172 + 5056
16
What is the value of -1 - 1 - -2 - 105 - (-43210 - -43226) - -8?
-113
Calculate -52 + -89 + 208 - 117.
-50
What is the value of (-1367 - -1205) + (2 - -73)?
-87
What is 5 + (43 - (-11 - (-14 - 3))) + 10?
52
Calculate -5 + 13 + -3 + (8 + -2 - (-19 - 29)).
59
Calculate (-20 - 1) + (84 + -4 - 71).
-12
Evaluate 28 + 40 + 1 + -97.
-28
Calculate 105 + (87 - (113 + 81)).
-2
What is (-28 - -2) + 150 + (72 - 161)?
35
Calculate -23 + -17 + 34 - -33 - 3.
24
What is the value of -1959 - -1980 - (6 - (82 - -4))?
101
-9 - ((-2 - 11) + 26 - 63)
41
Evaluate 286 + -76 + -250 + -2 + -1 + 3 + -2.
-42
What is the value of (-1 - -15) + (-1 + 16 - (539 + -474))?
-36
What is the value of (-130 - -1) + (-5 - -28) - -29?
-77
-74 + 25 - (-264 + 193)
22
What is the value of (10 - (-21 + -10 + 18)) + -9 + 51?
65
What is (44 + -20 - 14 - (13 + 4)) + -44?
-51
What is the value of 25 + -4 + -8 + -268 + 287?
32
5 - 16 - (7 - 45 - -35)
-8
What is -37 + 67 + (26 - 8)?
48
What is the value of 87 + -241 - (2 - (0 + -1)) - (1 + -16)?
-142
Calculate 15 - (-27 - (6 + 20 + (-9 - -1))).
60
What is the value of -12 + 6 + -7 + (3 + 56 - 5)?
41
What is -98 + 181 + -59 + 12?
36
What is (-4985 - -4952) + 7 + 0?
-26
89 + -58 + 15 - 36
10
Calculate -16 + 0 + 2 + (-35 - -31) - 36.
-54
What is 38150 - 38145 - (-5 + (0 - (-3 + 2)))?
9
Calculate (45 - 57) + (54 - (19 - 13)).
36
(-9 - (47 - -12)) + 37 - -11
-20
Evaluate -3 + 6 + -2 - (18 - 16) - -26.
25
What is 59 + 15 + -2 + 36 + -44?
64
What is the value of (2 + -12 - 2 - (232 - 234)) + 31?
21
11 + -7 + (8 - (0 + -4 + (8 - -13)))
-5
Evaluate 35 + 60 + -44 + -78.
-27
Calculate (29 - -1) + (-2 - (3 + 3)) + (-690 - -691).
23
What is -1 + -21 + -69 + 309 + -304?
-86
Calculate -57 + (-11 - (-1 + 12 - (-160 - -188))) + 1.
-50
What is 1973 - 1929 - (-2 + 6 - (3 + -2))?
41
What is -1 + (0 - -7) - (70581 + -70517)?
-58
What is 1 + 14 + -69 + 23 + -22?
-53
Evaluate -2 + 0 - (-6 - (-14 - -10)) - -49.
49
What is 9 + 4 + -23 + 63?
53
Evaluate 16 + 21 - (-10 - 143) - 42.
148
What is -6 + 117 + (-29 - (-25 + 29))?
78
Calculate -1 + -10 + (152 - 58) + -76 - 93.
-86
Calculate 10 + -1 - (-40 + 33 + 24) - (12 - 82).
62
Evaluate 41 + 1 - (168 - 84).
-42
(1 - (-1 - -15)) + 5 - (196 + -164)
-40
What is the value of 6 - (4 - 17) - (-3 + 4)?
18
What is the value of -315 + 328 - (56 + -1 + 4)?
-46
What is the value of (18 - -184 - 68) + (-5 - -7)?
136
What is the value of 1 + 1 - ((-26 - (5 + (14 - 8))) + -5)?
44
-26 + -1 + 16 + -247 + 236 + 13
-9
What is the value of 37 + -10 + (4 - -29) + -44?
16
Calculate (1 - 51) + (603 - 597).
-44
Evaluate (4 - (-12 + (1 - 3) - 5)) + -1 + 2.
24
(-7 - -3) + 39 + (-30 - -1)
6
What is the value of -201 + 240 + (-2 - 2)?
35
Calculate 19 + (29 - (16 + -29)) + -25.